24?
208
What is the highest common factor of 33206337 and 19052?
433
Calculate the highest common divisor of 165 and 9192315.
165
Calculate the greatest common factor of 252324 and 452403.
387
Calculate the greatest common factor of 1244 and 25280568.
1244
What is the highest common divisor of 18495018 and 20254?
1558
What is the greatest common factor of 1504 and 3047433?
47
What is the greatest common divisor of 1751 and 15250?
1
What is the greatest common divisor of 2474832 and 1136?
16
Calculate the highest common divisor of 69762 and 21132903.
4983
Calculate the highest common divisor of 2414108 and 2444.
188
Calculate the highest common divisor of 20313118 and 98.
14
What is the greatest common factor of 2290715 and 175?
35
Calculate the highest common divisor of 242301 and 612.
51
Calculate the greatest common divisor of 136701 and 19256.
83
What is the greatest common divisor of 140 and 408831460?
20
What is the highest common factor of 239750 and 61390?
70
Calculate the highest common divisor of 6207575 and 275.
275
Calculate the greatest common divisor of 247 and 91786721.
13
What is the highest common factor of 19925538 and 711?
237
What is the highest common factor of 1680 and 1249?
1
What is the highest common divisor of 608 and 237136?
16
Calculate the highest common factor of 2964918 and 5384247.
5511
What is the highest common factor of 171428733 and 37?
37
Calculate the highest common factor of 57350 and 6985850.
1550
Calculate the greatest common factor of 29484 and 96916932.
756
What is the greatest common divisor of 12531673 and 2233?
77
Calculate the highest common factor of 2479584 and 9568.
736
Calculate the highest common divisor of 1260820 and 28556.
484
What is the highest common divisor of 627343 and 603595?
1979
What is the greatest common factor of 52500 and 636?
12
What is the greatest common divisor of 79857260 and 10?
10
Calculate the highest common factor of 13035804 and 9384.
204
Calculate the highest common divisor of 21267253 and 21.
7
Calculate the highest common divisor of 6345 and 5032525.
235
Calculate the greatest common factor of 4672 and 1082079.
73
Calculate the greatest common divisor of 1841 and 8044644.
263
What is the greatest common divisor of 30353542 and 3145?
37
What is the highest common divisor of 3524184 and 3096?
72
Calculate the highest common factor of 290 and 3756283.
29
What is the greatest common factor of 388120 and 36?
4
What is the highest common divisor of 17056158 and 15330?
3066
Calculate the highest common divisor of 1310833 and 6018851.
6863
What is the highest common divisor of 716308 and 72451?
1367
Calculate the highest common divisor of 113737 and 488449.
13
Calculate the highest common factor of 4148 and 3018707.
1037
Calculate the greatest common divisor of 119616 and 77875.
623
Calculate the highest common factor of 1215125 and 1125.
125
What is the greatest common factor of 600160 and 86800?
2480
What is the highest common factor of 560046 and 372?
186
Calculate the highest common factor of 961051 and 3401.
179
Calculate the greatest common factor of 249368434 and 2402.
2402
What is the greatest common divisor of 3737792 and 8?
8
What is the greatest common divisor of 132 and 8062284?
12
Calculate the highest common factor of 32262 and 121467.
57
Calculate the greatest common factor of 18653 and 20079.
23
What is the highest common divisor of 13667 and 5704502?
173
What is the highest common divisor of 58148480 and 3393?
377
Calculate the highest common divisor of 1624 and 113310540.
812
Calculate the greatest common factor of 4516 and 371416162.
2258
What is the highest common factor of 5837561 and 759?
23
What is the greatest common factor of 4928 and 469056?
448
What is the highest common factor of 96117 and 3664983?
4179
Calculate the highest common divisor of 10849843 and 2627.
37
What is the greatest common divisor of 82592209 and 641?
641
Calculate the highest common divisor of 41216 and 27790.
14
Calculate the greatest common divisor of 2663699908 and 19.
19
Calculate the greatest common divisor of 8375 and 21927875.
125
What is the highest common divisor of 1754 and 21659269?
877
Calculate the highest common divisor of 346076 and 152934.
718
What is the highest common factor of 622945 and 85777?
31
What is the highest common divisor of 4872 and 305160968?
1624
What is the highest common divisor of 5832 and 4616928?
72
Calculate the highest common divisor of 1595 and 5890973.
319
What is the greatest common factor of 8975856 and 21708?
804
What is the greatest common divisor of 1093806 and 4554?
18
What is the greatest common factor of 56 and 119988428?
28
What is the highest common divisor of 1691 and 6403?
19
Calculate the greatest common factor of 20357739 and 261.
261
Calculate the highest common factor of 54 and 3620124.
18
Calculate the greatest common factor of 76 and 930503796.
76
Calculate the greatest common factor of 41408 and 12478042.
1294
What is the highest common divisor of 6749323 and 4386?
731
Calculate the highest common divisor of 247 and 1368601.
13
Calculate the greatest common factor of 3567 and 11405831.
41
Calculate the highest common factor of 174784048 and 80.
16
Calculate the highest common divisor of 1343850 and 562650.
4650
Calculate the highest common factor of 2370786 and 9.
3
What is the highest common divisor of 912184 and 9256?
104
What is the highest common factor of 1658630 and 7285?
235
Calculate the highest common divisor of 1410960 and 384.
48
Calculate the highest common factor of 140 and 699206.
2
What is the highest common factor of 1964712 and 80088?
1704
Calculate the highest common divisor of 1595786327 and 674.
337
Calculate the highest common factor of 6386851 and 283967.
4813
What is the greatest common factor of 416 and 1491282?
26
Calculate the highest common factor of 91 and 87236149.
91
What is the greatest common factor of 837 and 16536361?
31
What is the highest common divisor of 3842 and 949229?
17
Calculate the highest common factor of 2821797 and 41877.
891
Calculate the greatest common divisor of 117604698 and 4623.
201
What is the greatest common divisor of 4135023 and 10179?
783
Calculate the highest common factor of 1355 and 675543380.
1355
Calculate the greatest common divisor of 252 and 1364157.
9
What is the highest common divisor of 38799 and 269001?
81
Calculate the highest common factor of 119799 and 7776.
243
What is the highest common factor of 56924 and 22042?
214
Calculate the greatest common divisor of 19406 and 263546.
626
Calculate the greatest common divisor of 19836523 and 833.
49
What is the highest common factor of 8125469 and 44?
11
Calculate the highest common divisor of 45 and 18723615.
15
What is the greatest common factor of 11065 and 46703152?
2213
What is the highest common factor of 9687345 and 5?
5
Calculate the highest common divisor of 91 and 262037111.
7
Calculate the highest common divisor of 18905 and 2828785.
995
What is the highest common factor of 6491977 and 7562?
3781
Calculate the highest common divisor of 2734372 and 1271.
41
Calculate the highest common factor of 63 and 342475.
7
What is the highest common divisor of 25072 and 6145774?
3134
What is the greatest common divisor of 1253057 and 42149?
113
Calculate the greatest common divisor of 245860316 and 22479.
7493
What is the greatest common divisor of 1274627183 and 3617?
3617
What is the greatest common divisor of 1951517 and 383407?
821
Calculate the greatest common factor of 83148816 and 12.
12
Calculate the highest common factor of 257683864 and 860.
172
Calculate the highest common divisor of 20757 and 51183.
33
Calculate the greatest common factor of 12425 and 16926329.
497
Calculate the greatest common factor of 185592700 and 2.
2
Calculate the greatest common factor of 5521411 and 12127087.
16681
Calculate the greatest common divisor of 765037 and 2548.
637
What is the highest common divisor of 2494 and 110338?
86
Calculate the highest common divisor of 348817 and 931.
7
Calculate the greatest common factor of 5891 and 184427.
43
What is the highest common factor of 130 and 2070705?
65
Calculate the highest common factor of 73910 and 10030.
10
What is the greatest common factor of 16014 and 52